40 is divided by w?
12
Let u = 15 - 9. Calculate the remainder when 9 is divided by u.
3
Let k = -3 + 5. Let z(r) = 6*r**2 + r - 1. What is the remainder when z(k) is divided by 9?
7
Let y(a) = 15*a + 5. Calculate the remainder when 138 is divided by y(2).
33
Suppose -2*b - 5*y = -23, y + 4 = -2*b + 5*y. Suppose -b*w - h + 70 = -0, 61 = 3*w + 5*h. Suppose -3*x = -19 - w. What is the remainder when 22 is divided by x?
10
Let u be (2 + 0)*-1*-1. Suppose -4 + 0 = -u*o. Suppose y = -o*g + 22, 2*y - 2*g = -7 + 21. What is the remainder when 22 is divided by y?
10
Let p(h) = h**2 + 10*h - 34. Calculate the remainder when p(-14) is divided by 5.
2
Let p(d) = -d**3 + d**2 + d + 7. Let b be p(0). What is the remainder when 2020/35 + 2/b is divided by 15?
13
Let l(r) = -r**3 + 5*r**2 + 9*r - 2. Let f be l(6). Let t be 76/f - 2/(-8). Suppose 4*g + 8 = 0, -t*g + 1 = i + 6. What is the remainder when 8 is divided by i?
3
Suppose -3*i - 132 - 5 = -4*g, 111 = 3*g - 5*i. Calculate the remainder when g is divided by 11.
10
Let k = -11 + 32. Let t be -2 + 2 - (-1 + -1). Suppose -o + 33 = t*o. What is the remainder when k is divided by o?
10
Calculate the remainder when 88 is divided by (30 - -1) + 1*(-2 - -1).
28
Suppose 0 = 20*s - 17*s - 60. Calculate the remainder when 36 is divided by s.
16
Suppose 0 = 2*n - 2*b - 18, 1 = -b - 0. What is the remainder when 4 - 1 - (-78 - n) is divided by 23?
20
Suppose g = -g + 8. Suppose -158 = -g*u - 2*c, 10 = -4*u - 4*c + 178. What is the remainder when u is divided by 8?
5
Suppose -2*k + 45 = 11. Suppose f = -0*f - 6. Let z = f - -15. Calculate the remainder when k is divided by z.
8
Calculate the remainder when 14 is divided by 2 + (-4)/(-4 + 0).
2
Let z = -18 + 48. What is the remainder when z is divided by 12?
6
Suppose -2*a + 0*a = -58. Let o = a - 13. What is the remainder when 30 is divided by o?
14
Let s(q) = -2*q**2 + 2*q**3 + q**2 - 5*q**2 + 2*q**2. What is the remainder when s(3) is divided by 10?
8
Suppose 11 = 4*z - 5. Suppose 3 = 4*b + 11, z*g - 5*b - 66 = 0. Let q = -7 + g. Calculate the remainder when 13 is divided by q.
6
Suppose 0 = -4*m + m + 15. Suppose -m*j + 98 = -3*j. What is the remainder when j is divided by 17/(-3)*(4 - 7)?
15
Calculate the remainder when (3/6)/(-1*(-1)/86) is divided by 15.
13
Let x = -5 - -5. Suppose x = 2*y - 0 + 4. Calculate the remainder when 12 is divided by 0/(4/y) + 7.
5
Suppose -5*i + 5*v + 671 = -74, -4*i + 3*v = -599. Calculate the remainder when 19 is divided by i/14 + 3/21.
8
Suppose -d + 1 = -3*m + 4*d, 0 = -m - 4*d + 28. What is the remainder when 38 is divided by m?
6
Let d = 0 + 1. Let k be 2/3 - 28/(-12). Let u = -1 + k. Calculate the remainder when u is divided by d.
0
Suppose 6*q = 7*q - 6. Calculate the remainder when 8 is divided by q.
2
Suppose 0 = 4*j + 4*s - 68, 0 = 2*s - 1 + 9. Let g(c) = -c**3 - c**2 + c - 15. Let k be g(0). Let u = k + 26. Calculate the remainder when j is divided by u.
10
Let c(f) = -f**2 - 5*f + 11. What is the remainder when 27 is divided by c(-5)?
5
Let u = 124 - 73. What is the remainder when 98 is divided by u?
47
Let u = -153 - -242. What is the remainder when u is divided by 30?
29
Let j = -33 - -74. Calculate the remainder when j is divided by 15.
11
Let q = 15 - 11. Let t(i) = -i**3 + 4*i**2 - 2*i + 6. Let m be t(q). Let s(h) = -2*h. What is the remainder when 7 is divided by s(m)?
3
Let m(d) = d**3 + 3*d**2 + d + 1. Let h be m(-3). Let c be (-2)/h - (1 - -1). Let z(b) = 12*b**2 + 1. Calculate the remainder when z(c) is divided by 5.
3
Suppose 0 = -3*s + 2*u + 55, 2*u = 5*s - u - 90. Calculate the remainder when 28 is divided by s.
13
Suppose 0 = -i + 15 + 12. Calculate the remainder when 53 is divided by i.
26
Let f = 60 + -33. Calculate the remainder when f is divided by 10.
7
Let b = -279 - -578. Calculate the remainder when b is divided by 25.
24
Suppose -3*x + 27 = h, 0 = -4*x + 3*x. What is the remainder when 132 is divided by h?
24
Let n(y) = -y**3 + 16*y**2 + 14. Suppose z = -86 - 13. Let k = 139 + z. Calculate the remainder when k is divided by n(16).
12
Suppose -z + 0*z = -4. Let l be z/(-6)*(-2 - -11). What is the remainder when 51 is divided by (-9)/(-2)*(l - -10)?
15
Suppose o = -i - o + 17, -3*i + 5*o = -62. Let l = -6 + 16. Calculate the remainder when i is divided by l.
9
Suppose 5*c = 7*c - 14. What is the remainder when 14 is divided by c?
0
Let y = -6 + 5. What is the remainder when (-4)/(-2) - y - 0 is divided by 2?
1
Let w be (-6 + -3)*(-1)/3. Suppose -w - 23 = -2*s. Calculate the remainder when s is divided by 4.
1
Suppose 0*k + 2*k - 96 = 0. Let p = k - 3. What is the remainder when p is divided by 16?
13
Suppose -3*h - 50 = -8*h. Let s(i) = -i**2 + 13*i - 7. Calculate the remainder when 68 is divided by s(h).
22
What is the remainder when 27 is divided by -6*-5*(3 + (-24)/9)?
7
Let z(u) = 2*u - 4*u - 3 - 8*u. What is the remainder when z(-2) is divided by (-17)/(-3) + 5/15?
5
Let o = -126 - -142. What is the remainder when 125 is divided by o?
13
Suppose r + 0*r - q - 22 = 0, 0 = -3*q + 6. Let n = -14 + r. Calculate the remainder when n is divided by 3.
1
Let k = 2 + 3. What is the remainder when k is divided by 14/(-10) + 1 - 85/(-25)?
2
Let i(q) = -q**3 - 7*q**2 - 7*q - 8. Let d = 47 + -33. Calculate the remainder when i(-7) is divided by d.
13
Suppose -2*k - 50 = -p, -p + 2*k + 104 = p. What is the remainder when 106 is divided by p?
52
Calculate the remainder when 4 - (-11 + -3) - 0 is divided by 10.
8
Let j(l) = -l**2 - 9*l + 5. What is the remainder when 24 is divided by j(-8)?
11
Calculate the remainder when 26 is divided by (-2)/(3/27 - 2/9).
8
What is the remainder when (-148 + 2)*(-22)/44 is divided by 37?
36
Let u(v) = -v**2 + 2*v + 50. Calculate the remainder when u(0) is divided by 13.
11
Let i(d) = 5*d**2 + 4*d + 2. Calculate the remainder when i(-3) is divided by 9.
8
Let h(z) = 7*z**2 + 2*z - 3. What is the remainder when 86 is divided by h(2)?
28
Let u(x) = x**3 - 6*x**2 + x + 4. Suppose 16*c + 5*z = 13*c + 56, -2*c + z + 33 = 0. What is the remainder when c is divided by u(6)?
7
Let z be 369/3*4/6. Let s = -58 + z. Calculate the remainder when s is divided by 13.
11
Suppose 4*v = 8*v - 2*s - 82, -65 = -3*v - 2*s. Calculate the remainder when 72 is divided by v.
9
Let w be (-6)/21 + (-19)/7. What is the remainder when 21 is divided by w + (3 + 8)*1?
5
Let t be (-55)/(-4) + (-3)/(-12). Let v = t - 1. What is the remainder when v is divided by 1/(-2 - (-22)/10)?
3
Let h(k) = k**3 - 2*k**2 - 2*k + 5. Let a be h(4). Let p = a + -14. What is the remainder when 27 is divided by p?
12
Suppose u = j + 9, 3*j - j + 22 = 3*u. Suppose 9*q = -u*p + 4*q + 55, -37 = -4*p + q. Calculate the remainder when p is divided by 6.
4
Suppose -4*c + 41 - 5 = 0. Let r be (-6)/(-4)*(-32)/(-12). Let v = 21 - r. Calculate the remainder when v is divided by c.
8
Suppose 5*q - 184 = x, -4*x - 604 = -x - 2*q. What is the remainder when x/(4*-1) - 2 is divided by 25?
24
Let t = 16 - 16. Let c(u) = u**2 + u + 27. What is the remainder when 107 is divided by c(t)?
26
What is the remainder when (-6)/(-10) + (-85)/(-25) is divided by 1?
0
Let s(d) = -d - 1. Let w be s(-2). Calculate the remainder when (0 + 15/3)*w is divided by 3.
2
Let x be ((-8)/12)/((-2)/219). Let a = x - 18. Suppose -6*d + a = -d. What is the remainder when d is divided by 4?
3
Let l(h) = 2*h**2 - 2*h - 8. Let w be l(8). Suppose -3*u = -7*u + w. What is the remainder when 76 is divided by u?
24
Suppose 2*b - 22 = -2*a, -4*a - b = 4*b - 45. What is the remainder when a is divided by 6 - (5 + -1 + -1)?
1
Let u(c) = -c**2 - c + 17. Calculate the remainder when 32 is divided by u(0).
15
Suppose 3*g - 4*g + 47 = 0. Suppose g + 40 = 3*t. Suppose t = 4*q - 67. What is the remainder when q is divided by 13?
11
Let u = 10 + -4. Let b(q) = -2*q**2 + 19*q - 3. Let x(v) = -v**2 + 9*v - 2. Let o(z) = -2*b(z) + 5*x(z). Calculate the remainder when 4 is divided by o(u).
0
Let t = 1 - -1. Suppose t*d - 30 - 34 = 0. What is the remainder when d is divided by 11?
10
Let j = 0 - -3. Suppose -2*c - j*m + 11 = -9, -5*c + 63 = m. What is the remainder when 50 is divided by c?
11
Let b = -16 + 44. Suppose -8 = -k + b. Let j = k + -22. What is the remainder when 26 is 